et c = m - 6. Calculate the greatest common factor of 56 and c.
7
Let s be (-4 - (-15)/10)*-2. What is the highest common divisor of s and 40?
5
Let z be 1/(((-1)/2)/(-1)). Suppose -4*k + 0*d - z*d + 160 = 0, 2*d = 4. Calculate the greatest common factor of 26 and k.
13
Let k(w) = -2*w**2 + w + 7. Let u be k(-5). Let b be 0 + (-5)/(15/u). What is the greatest common divisor of 32 and b?
16
Let u = -6 - -11. Suppose -u*g - 9 = 5*k - 74, -3*g = -3. Calculate the greatest common factor of k and 6.
6
Let u(o) = -o**3 - 11*o**2 - o + 1. Suppose 1 = 5*y + 56. Let r be u(y). Calculate the greatest common divisor of r and 48.
12
Let w(g) = 3*g - 6. Let x be w(-8). Let n be x*(-1 + 45/6). Let u be (4/10)/((-3)/n). Calculate the highest common divisor of 39 and u.
13
Let r(q) = -q**2 - 12*q - 6. Let h be r(-6). Calculate the greatest common factor of h and 10.
10
Suppose l - 3*q + 63 = 3*l, 0 = 5*l - q - 115. Let g be (1980/l)/((-6)/(-16)). Suppose -4*i + 5*i - 20 = 0. What is the greatest common divisor of g and i?
20
Suppose -2 = -2*n, 3*n - 592 - 139 = -4*o. Calculate the greatest common factor of o and 14.
14
Let r be (420/45)/((-2)/(-9)). Calculate the greatest common factor of r and 28.
14
Let a(m) = -m**2 - 18*m + 8. Let y be a(-16). Calculate the greatest common divisor of 10 and y.
10
Let m(d) = -d - 4. Let o be m(-8). Suppose -5*b + 120 = 5*h, 2*h - 6*h + o*b = -120. Calculate the greatest common factor of 297 and h.
27
Let o(y) = -y - 1. Let j(p) = p**2 - 3*p + 14. Let d(h) = j(h) + 6*o(h). Let z be d(9). What is the greatest common divisor of 12 and z?
4
Let r = -67 + 88. What is the greatest common factor of 14 and r?
7
Suppose -2*d + t + 28 = 0, 7*d - 2*t - 24 = 5*d. Calculate the greatest common divisor of 4 and d.
4
Let n be (2/(-3))/(1/(-69)). Suppose 0 = -30*o + 55*o - 575. Calculate the highest common divisor of o and n.
23
Suppose 3*g - 4*g + 232 = -a, 2*a = 5*g - 1148. Calculate the greatest common divisor of 19 and g.
19
Let m = 11 - 9. Suppose 5*u - m*f = f - 2, 4*u - 5*f = -12. Calculate the highest common factor of 6 and u.
2
Suppose -o + 3 = -2. Suppose 4*v - 8 = -0*h + 2*h, 0 = 3*v - h - 4. Let i = v + 5. What is the greatest common factor of o and i?
5
Let t = -3 + 7. Suppose -8 = -6*i + t. Calculate the greatest common divisor of i and 10.
2
Let x = -4 + 7. Suppose -x = -4*z + 5. Suppose 8 = z*j - 0. Calculate the highest common divisor of 10 and j.
2
Suppose -152 = -a + 5*f + 9, -5*f = a - 191. Suppose 5*s - a = 64. Calculate the highest common factor of 32 and s.
16
Let y = -393 + 207. Let q be 9*1/3 - y. Calculate the greatest common factor of 27 and q.
27
Suppose -q - 2*f = -0*q - 92, 3*q - 266 = 4*f. Calculate the greatest common divisor of 36 and q.
18
Suppose -5*s - 6 = -16. Suppose -s*w = -w - 5. Suppose -3*c + 5*q = -c - 36, w*c = -2*q + 148. Calculate the greatest common divisor of 4 and c.
4
Suppose 5*i + 11 = 101. Calculate the greatest common factor of 126 and i.
18
Let m(w) = -49*w**2 + 2*w. Let s(h) = -244*h**2 + 9*h + 1. Let l(p) = -11*m(p) + 2*s(p). Let g be l(2). What is the highest common divisor of 18 and g?
18
Suppose -3*z = -4*z + 82. What is the greatest common divisor of 205 and z?
41
Let d(y) = -5*y**3 + 3*y + 2. Let n be d(-2). Calculate the highest common divisor of 4 and n.
4
Suppose -2*v + 28 = -56. Let i = -17 + v. Calculate the greatest common factor of 50 and i.
25
Suppose 46 = 4*z + 2. Suppose z = 4*h - 21. What is the highest common divisor of h and 40?
8
Let d = -306 + 506. What is the greatest common factor of 40 and d?
40
Let b(s) = 12*s - 20. Let p be b(9). Calculate the highest common factor of 11 and p.
11
Let m(n) be the second derivative of 2*n**3/3 + 2*n**2 + 7*n. Let k be m(8). Suppose 18 = 2*t - 0*t. Calculate the greatest common divisor of t and k.
9
Let n = -9 + 24. Let l = 5 + -3. Let b be 3*(-1)/(l - 3). What is the greatest common factor of n and b?
3
Let q be 2*1/((-2)/3). Let x be (-45)/(q - (-5 - -3)). Calculate the greatest common factor of 18 and x.
9
Let z(p) = p**3 - 10*p**2 + 2*p - 4. Let d be z(10). Calculate the greatest common divisor of 40 and d.
8
Let o(s) = 2*s**3 + 6*s**2 - 5*s - 10. Let k be o(-3). Let v = -2 - -3. What is the greatest common factor of v and k?
1
Let v(j) = -4*j - 3. Let i be v(-2). Suppose w - i*w + 180 = 0. Let h(n) = -2*n + 3. Let b be h(-6). What is the greatest common factor of w and b?
15
Suppose 7*k - 880 = 2*k. Suppose 5*z = k - 16. Calculate the greatest common factor of 16 and z.
16
Suppose -5*a + 2*x = -0*a - 62, -5*a = -x - 66. What is the greatest common factor of 154 and a?
14
Suppose l + 131 = 5*l - 5*f, -f + 35 = l. Calculate the highest common factor of 2 and l.
2
Let q be 178/8 + (-1)/4. Let j(o) = o**2 - o + 4. Let l be j(3). Let b = q - l. Calculate the highest common factor of b and 96.
12
Let i = -25 + 37. Let r = i - 7. Suppose 0*l = l - r. Calculate the highest common divisor of 55 and l.
5
Suppose 4*c + 9 = 5*c. What is the greatest common divisor of c and 36?
9
Let n be (15/(-20))/((-1)/4). Let h(o) = 2 - 2*o**2 + n*o - 5 + 4*o**3 - 3*o**3. Let q be h(3). What is the highest common factor of 120 and q?
15
Suppose 0 = -j + 3 + 9. What is the greatest common divisor of j and 96?
12
Suppose 5*d - 94 - 86 = 0. What is the greatest common factor of 9 and d?
9
Suppose 6*f = -3*z + f - 10, -25 = 5*f. What is the greatest common factor of z and 120?
5
Let c(q) = 20*q**2 + 1. Let s be c(2). Suppose 366 - s = 5*z. Calculate the greatest common factor of z and 19.
19
Let p = 4 - 6. Let z = 26 - p. What is the highest common factor of z and 7?
7
Let s = -6 + 10. Suppose 4 = 2*x - 0, 606 = s*k - 5*x. What is the highest common divisor of k and 14?
14
Let w(i) = 1 - 1 + 1 - 3 + 9*i. Let s be w(5). Let o = -31 + s. What is the highest common divisor of o and 3?
3
Suppose -n = -4*n + 45. Let o = -11 + n. Suppose -27 = -o*r + r. What is the highest common divisor of 63 and r?
9
Suppose 4*a + t - 211 = 0, a - 79 = -t + 6*t. What is the greatest common divisor of a and 18?
18
Let v be (12/8)/(3/128). Let p be (-16)/((-4)/8*2). Calculate the highest common divisor of p and v.
16
Let a(c) = -c**2 - 7*c - 7. Let f be a(-7). Let n be 18/63 + (-278)/f. What is the highest common factor of n and 5?
5
Suppose -2*x + 27 + 3 = 0. Let s(c) = -c**2 - 10*c + 27. Let b be s(-12). What is the highest common factor of b and x?
3
Let d(v) = -2*v**3 - 7*v**2 + 2*v + 7. Let k be d(-5). Suppose 20 = -2*a + k. Calculate the highest common divisor of a and 182.
26
Let g(r) = r**3 + 2*r**2 - 4*r. Let o be g(-3). Let i be -3*(-2 + (-22)/o). Calculate the greatest common divisor of i and 14.
14
Let i = 65 - 31. Let d be (3 + -1)/(17/i). Calculate the highest common factor of 28 and d.
4
Suppose 100 = 5*l + 4*z - 3*z, 5*z = -2*l + 40. What is the highest common divisor of l and 4?
4
Suppose 4*a - 3*s = 124, -3*s = -4*a + a + 90. Calculate the greatest common factor of a and 238.
34
Suppose -u + 22 = -3*a, -2*u - u + 90 = 3*a. Calculate the greatest common divisor of u and 196.
28
Suppose 9 = y + 3*h, 0 = -3*y - 2*h + 8 + 26. What is the greatest common factor of 108 and y?
12
Suppose 2*k = 11 + 3. Let u be (1*10)/(k/77). Calculate the highest common divisor of 10 and u.
10
Let m(r) = r + 44. Let z be m(-9). What is the highest common factor of 7 and z?
7
Let n(f) = -f**3 + 3*f**2 + 3*f + 1. Let h be n(4). Let b be (-2 - 1 - -11) + h. Let w be (-4)/2 + 2 - -20. Calculate the greatest common factor of b and w.
5
Let v(i) = -i**2 + 7*i + 2. Let j be v(7). Let q be ((-7)/(-2))/(j/4). Calculate the greatest common factor of 7 and q.
7
Suppose 5*g + 0*g - 4*z = 45, -4*z - 36 = -4*g. Calculate the highest common divisor of 3 and g.
3
Suppose -2*n + 67 = -4*a - 11, 5*a - 143 = -4*n. What is the highest common divisor of n and 74?
37
Let f(t) = -6 - 7*t**3 + 2*t - 18*t**3 + 2*t**2 + 7. Let v be f(-1). Calculate the highest common divisor of 182 and v.
26
Let f = -19 - -44. Suppose -b + 73 = -3*x - 149, 0 = 4*b + 3*x - 903. Calculate the highest common divisor of f and b.
25
Suppose -2*n - 2 = -4. Let q be (3/(-6))/((28/80)/(-7)). What is the greatest common divisor of n and q?
1
Let s(o) = -o**2 + 11*o - 8. Let q be s(8). Calculate the highest common divisor of q a